{"id":186,"date":"2024-07-22T13:13:35","date_gmt":"2024-07-22T13:13:35","guid":{"rendered":"https:\/\/www.centrefrancedebarras.fr\/?page_id=186"},"modified":"2024-07-22T13:13:44","modified_gmt":"2024-07-22T13:13:44","slug":"mentions-legales","status":"publish","type":"page","link":"https:\/\/www.centrefrancedebarras.fr\/?page_id=186","title":{"rendered":"Mentions L\u00e9gales"},"content":{"rendered":"<p>[et_pb_section fb_built=\u00a0\u00bb1&Prime; theme_builder_area=\u00a0\u00bbpost_content\u00a0\u00bb _builder_version=\u00a0\u00bb4.16.0&Prime; _module_preset=\u00a0\u00bbdefault\u00a0\u00bb][et_pb_row _builder_version=\u00a0\u00bb4.16.0&Prime; _module_preset=\u00a0\u00bbdefault\u00a0\u00bb theme_builder_area=\u00a0\u00bbpost_content\u00a0\u00bb][et_pb_column _builder_version=\u00a0\u00bb4.16.0&Prime; _module_preset=\u00a0\u00bbdefault\u00a0\u00bb type=\u00a0\u00bb4_4&Prime; theme_builder_area=\u00a0\u00bbpost_content\u00a0\u00bb][et_pb_text _builder_version=\u00a0\u00bb4.16.0&Prime; _module_preset=\u00a0\u00bbdefault\u00a0\u00bb theme_builder_area=\u00a0\u00bbpost_content\u00a0\u00bb hover_enabled=\u00a0\u00bb0&Prime; sticky_enabled=\u00a0\u00bb0&Prime;]<\/p>\n<p><b>Mentions L\u00e9gales<\/b><\/p>\n<p>&nbsp;<\/p>\n<p><span style=\"font-weight: 400;\">Conform\u00e9ment aux dispositions de l\u2019article 6 III 1\u00b0 de la loi n\u00b02004-575 du 21 juin 2004 pour la confiance dans l\u2019\u00e9conomie num\u00e9rique, nous vous informons que :<\/span><\/p>\n<p><span style=\"font-weight: 400;\">\u00a0<\/span><\/p>\n<p><span style=\"font-weight: 400;\">Le site internet actuel est la propri\u00e9t\u00e9 de la soci\u00e9t\u00e9 CENTRE FRANCE DEBARRAS<\/span><span style=\"font-weight: 400;\">, immatricul\u00e9e au Registre du commerce et des Soci\u00e9t\u00e9s\u00a0 num\u00e9ro<\/span><b> 517878997<\/b><span style=\"font-weight: 400;\">, le si\u00e8ge social de la soci\u00e9t\u00e9 se situe au<\/span><b> <a class=\"Lien secondaire\" href=\"https:\/\/www.societe.com\/entreprises\/66_cite%20du%20moulin%20a%20vent\/63370_LEMPDES.html\">66 CITE DU MOULIN A VENT 63370 LEMPDES<\/a><\/b><\/p>\n<p><span style=\"font-weight: 400;\">\u00a0<\/span><\/p>\n<p><span style=\"font-weight: 400;\">\u00a0L\u2019adresse e-mail de contact officielle est a-l-@live.fr<\/span><\/p>\n<p><span style=\"font-weight: 400;\">\u00a0<\/span><\/p>\n<p><span style=\"font-weight: 400;\">L\u2019h\u00e9bergement du site internet est assur\u00e9e par la soci\u00e9t\u00e9 O2Switch.<\/span><\/p>\n<p>Le site internet est cr\u00e9e par la Soci\u00e9t\u00e9 <span style=\"color: #ff00ff;\"><a href=\"https:\/\/www.loevy.fr\" style=\"color: #ff00ff;\">LoEvy<\/a><\/span> , siren 980219091<\/p>\n<p><span style=\"font-weight: 400;\">Conform\u00e9ment aux dispositions de la loi n\u00b0 78-17 du 6 janvier 1978 relative \u00e0 l\u2019informatique, aux fichiers et aux libert\u00e9s, nous sommes dans l\u2019obligation de vous informer que:<\/span><\/p>\n<p><span style=\"font-weight: 400;\">Les informations recueillies sur ce site internet par l\u2019interm\u00e9diaire\u00a0 sont enregistr\u00e9es dans une base de donn\u00e9e interne accessible uniquement par les \u00e9quipes de la soci\u00e9t\u00e9 <\/span><b>Centre France D\u00e9barras<\/b><span style=\"font-weight: 400;\">\u00a0nous permettant d\u2019assurer la gestion commerciale et client\u00e8le.<\/span><\/p>\n<p><span style=\"font-weight: 400;\">\u00a0<\/span><\/p>\n<p><span style=\"font-weight: 400;\">Ces donn\u00e9es sont conserv\u00e9es pour une dur\u00e9e initiale de 3 ans.<\/span><\/p>\n<p><span style=\"font-weight: 400;\">Vous pouvez exercer votre droit d\u2019acc\u00e8s \u00e0 vos donn\u00e9es personnelles ainsi que les faire rectifier en contactant le service commercial de Centre France D\u00e9barras.<\/span><\/p>\n<p><span style=\"font-weight: 400;\">L\u2019ensemble des contenus de ce site Internet sont prot\u00e9g\u00e9s par des droits de propri\u00e9t\u00e9 intellectuelle appartenant \u00e0 la soci\u00e9t\u00e9 Centre France D\u00e9barras<\/span><span style=\"font-weight: 400;\">. La reproduction, totale ou partielle, est strictement interdite sans autorisation pr\u00e9alable.<\/span><\/p>\n<p>&nbsp;<\/p>\n<p>[\/et_pb_text][\/et_pb_column][\/et_pb_row][\/et_pb_section]<\/p>\n","protected":false},"excerpt":{"rendered":"<p>Mentions L\u00e9gales &nbsp; Conform\u00e9ment aux dispositions de l\u2019article 6 III 1\u00b0 de la loi n\u00b02004-575 du 21 juin 2004 pour la confiance dans l\u2019\u00e9conomie num\u00e9rique, nous vous informons que : \u00a0 Le site internet actuel est la propri\u00e9t\u00e9 de la soci\u00e9t\u00e9 CENTRE FRANCE DEBARRAS, immatricul\u00e9e au Registre du commerce et des Soci\u00e9t\u00e9s\u00a0 num\u00e9ro 517878997, le [&hellip;]<\/p>\n","protected":false},"author":1,"featured_media":0,"parent":0,"menu_order":0,"comment_status":"closed","ping_status":"closed","template":"","meta":{"_et_pb_use_builder":"on","_et_pb_old_content":"","_et_gb_content_width":"","footnotes":""},"class_list":["post-186","page","type-page","status-publish","hentry"],"yoast_head":"<!-- This site is optimized with the Yoast SEO plugin v27.5 - https:\/\/yoast.com\/product\/yoast-seo-wordpress\/ -->\n<title>Mentions L\u00e9gales - Centre France D\u00e9barras<\/title>\n<meta name=\"robots\" content=\"index, follow, max-snippet:-1, max-image-preview:large, max-video-preview:-1\" \/>\n<link rel=\"canonical\" href=\"https:\/\/www.centrefrancedebarras.fr\/?page_id=186\" \/>\n<meta property=\"og:locale\" content=\"fr_FR\" \/>\n<meta property=\"og:type\" content=\"article\" \/>\n<meta property=\"og:title\" content=\"Mentions L\u00e9gales - Centre France D\u00e9barras\" \/>\n<meta property=\"og:description\" content=\"Mentions L\u00e9gales &nbsp; Conform\u00e9ment aux dispositions de l\u2019article 6 III 1\u00b0 de la loi n\u00b02004-575 du 21 juin 2004 pour la confiance dans l\u2019\u00e9conomie num\u00e9rique, nous vous informons que : \u00a0 Le site internet actuel est la propri\u00e9t\u00e9 de la soci\u00e9t\u00e9 CENTRE FRANCE DEBARRAS, immatricul\u00e9e au Registre du commerce et des Soci\u00e9t\u00e9s\u00a0 num\u00e9ro 517878997, le [&hellip;]\" \/>\n<meta property=\"og:url\" content=\"https:\/\/www.centrefrancedebarras.fr\/?page_id=186\" \/>\n<meta property=\"og:site_name\" content=\"Centre France D\u00e9barras\" \/>\n<meta property=\"article:publisher\" content=\"https:\/\/www.facebook.com\/centrefrancedebarras\" \/>\n<meta property=\"article:modified_time\" content=\"2024-07-22T13:13:44+00:00\" \/>\n<meta name=\"twitter:card\" content=\"summary_large_image\" \/>\n<script type=\"application\/ld+json\" class=\"yoast-schema-graph\">{\"@context\":\"https:\\\/\\\/schema.org\",\"@graph\":[{\"@type\":\"WebPage\",\"@id\":\"https:\\\/\\\/www.centrefrancedebarras.fr\\\/?page_id=186\",\"url\":\"https:\\\/\\\/www.centrefrancedebarras.fr\\\/?page_id=186\",\"name\":\"Mentions L\u00e9gales - Centre France D\u00e9barras\",\"isPartOf\":{\"@id\":\"https:\\\/\\\/www.centrefrancedebarras.fr\\\/#website\"},\"datePublished\":\"2024-07-22T13:13:35+00:00\",\"dateModified\":\"2024-07-22T13:13:44+00:00\",\"breadcrumb\":{\"@id\":\"https:\\\/\\\/www.centrefrancedebarras.fr\\\/?page_id=186#breadcrumb\"},\"inLanguage\":\"fr-FR\",\"potentialAction\":[{\"@type\":\"ReadAction\",\"target\":[\"https:\\\/\\\/www.centrefrancedebarras.fr\\\/?page_id=186\"]}]},{\"@type\":\"BreadcrumbList\",\"@id\":\"https:\\\/\\\/www.centrefrancedebarras.fr\\\/?page_id=186#breadcrumb\",\"itemListElement\":[{\"@type\":\"ListItem\",\"position\":1,\"name\":\"Accueil\",\"item\":\"https:\\\/\\\/www.centrefrancedebarras.fr\\\/\"},{\"@type\":\"ListItem\",\"position\":2,\"name\":\"Mentions L\u00e9gales\"}]},{\"@type\":\"WebSite\",\"@id\":\"https:\\\/\\\/www.centrefrancedebarras.fr\\\/#website\",\"url\":\"https:\\\/\\\/www.centrefrancedebarras.fr\\\/\",\"name\":\"Centre France D\u00e9barras\",\"description\":\"Centre France D\u00e9barras, le Sp\u00e9cialiste du D\u00e9barras en Auvergne\",\"publisher\":{\"@id\":\"https:\\\/\\\/www.centrefrancedebarras.fr\\\/#organization\"},\"potentialAction\":[{\"@type\":\"SearchAction\",\"target\":{\"@type\":\"EntryPoint\",\"urlTemplate\":\"https:\\\/\\\/www.centrefrancedebarras.fr\\\/?s={search_term_string}\"},\"query-input\":{\"@type\":\"PropertyValueSpecification\",\"valueRequired\":true,\"valueName\":\"search_term_string\"}}],\"inLanguage\":\"fr-FR\"},{\"@type\":\"Organization\",\"@id\":\"https:\\\/\\\/www.centrefrancedebarras.fr\\\/#organization\",\"name\":\"Centre France D\u00e9barras\",\"url\":\"https:\\\/\\\/www.centrefrancedebarras.fr\\\/\",\"logo\":{\"@type\":\"ImageObject\",\"inLanguage\":\"fr-FR\",\"@id\":\"https:\\\/\\\/www.centrefrancedebarras.fr\\\/#\\\/schema\\\/logo\\\/image\\\/\",\"url\":\"https:\\\/\\\/www.centrefrancedebarras.fr\\\/wp-content\\\/uploads\\\/2024\\\/07\\\/SmartSelect_20240307_194008_Facebook-1.jpg\",\"contentUrl\":\"https:\\\/\\\/www.centrefrancedebarras.fr\\\/wp-content\\\/uploads\\\/2024\\\/07\\\/SmartSelect_20240307_194008_Facebook-1.jpg\",\"width\":624,\"height\":342,\"caption\":\"Centre France D\u00e9barras\"},\"image\":{\"@id\":\"https:\\\/\\\/www.centrefrancedebarras.fr\\\/#\\\/schema\\\/logo\\\/image\\\/\"},\"sameAs\":[\"https:\\\/\\\/www.facebook.com\\\/centrefrancedebarras\"]}]}<\/script>\n<!-- \/ Yoast SEO plugin. -->","yoast_head_json":{"title":"Mentions L\u00e9gales - Centre France D\u00e9barras","robots":{"index":"index","follow":"follow","max-snippet":"max-snippet:-1","max-image-preview":"max-image-preview:large","max-video-preview":"max-video-preview:-1"},"canonical":"https:\/\/www.centrefrancedebarras.fr\/?page_id=186","og_locale":"fr_FR","og_type":"article","og_title":"Mentions L\u00e9gales - Centre France D\u00e9barras","og_description":"Mentions L\u00e9gales &nbsp; Conform\u00e9ment aux dispositions de l\u2019article 6 III 1\u00b0 de la loi n\u00b02004-575 du 21 juin 2004 pour la confiance dans l\u2019\u00e9conomie num\u00e9rique, nous vous informons que : \u00a0 Le site internet actuel est la propri\u00e9t\u00e9 de la soci\u00e9t\u00e9 CENTRE FRANCE DEBARRAS, immatricul\u00e9e au Registre du commerce et des Soci\u00e9t\u00e9s\u00a0 num\u00e9ro 517878997, le [&hellip;]","og_url":"https:\/\/www.centrefrancedebarras.fr\/?page_id=186","og_site_name":"Centre France D\u00e9barras","article_publisher":"https:\/\/www.facebook.com\/centrefrancedebarras","article_modified_time":"2024-07-22T13:13:44+00:00","twitter_card":"summary_large_image","schema":{"@context":"https:\/\/schema.org","@graph":[{"@type":"WebPage","@id":"https:\/\/www.centrefrancedebarras.fr\/?page_id=186","url":"https:\/\/www.centrefrancedebarras.fr\/?page_id=186","name":"Mentions L\u00e9gales - Centre France D\u00e9barras","isPartOf":{"@id":"https:\/\/www.centrefrancedebarras.fr\/#website"},"datePublished":"2024-07-22T13:13:35+00:00","dateModified":"2024-07-22T13:13:44+00:00","breadcrumb":{"@id":"https:\/\/www.centrefrancedebarras.fr\/?page_id=186#breadcrumb"},"inLanguage":"fr-FR","potentialAction":[{"@type":"ReadAction","target":["https:\/\/www.centrefrancedebarras.fr\/?page_id=186"]}]},{"@type":"BreadcrumbList","@id":"https:\/\/www.centrefrancedebarras.fr\/?page_id=186#breadcrumb","itemListElement":[{"@type":"ListItem","position":1,"name":"Accueil","item":"https:\/\/www.centrefrancedebarras.fr\/"},{"@type":"ListItem","position":2,"name":"Mentions L\u00e9gales"}]},{"@type":"WebSite","@id":"https:\/\/www.centrefrancedebarras.fr\/#website","url":"https:\/\/www.centrefrancedebarras.fr\/","name":"Centre France D\u00e9barras","description":"Centre France D\u00e9barras, le Sp\u00e9cialiste du D\u00e9barras en Auvergne","publisher":{"@id":"https:\/\/www.centrefrancedebarras.fr\/#organization"},"potentialAction":[{"@type":"SearchAction","target":{"@type":"EntryPoint","urlTemplate":"https:\/\/www.centrefrancedebarras.fr\/?s={search_term_string}"},"query-input":{"@type":"PropertyValueSpecification","valueRequired":true,"valueName":"search_term_string"}}],"inLanguage":"fr-FR"},{"@type":"Organization","@id":"https:\/\/www.centrefrancedebarras.fr\/#organization","name":"Centre France D\u00e9barras","url":"https:\/\/www.centrefrancedebarras.fr\/","logo":{"@type":"ImageObject","inLanguage":"fr-FR","@id":"https:\/\/www.centrefrancedebarras.fr\/#\/schema\/logo\/image\/","url":"https:\/\/www.centrefrancedebarras.fr\/wp-content\/uploads\/2024\/07\/SmartSelect_20240307_194008_Facebook-1.jpg","contentUrl":"https:\/\/www.centrefrancedebarras.fr\/wp-content\/uploads\/2024\/07\/SmartSelect_20240307_194008_Facebook-1.jpg","width":624,"height":342,"caption":"Centre France D\u00e9barras"},"image":{"@id":"https:\/\/www.centrefrancedebarras.fr\/#\/schema\/logo\/image\/"},"sameAs":["https:\/\/www.facebook.com\/centrefrancedebarras"]}]}},"_links":{"self":[{"href":"https:\/\/www.centrefrancedebarras.fr\/index.php?rest_route=\/wp\/v2\/pages\/186","targetHints":{"allow":["GET"]}}],"collection":[{"href":"https:\/\/www.centrefrancedebarras.fr\/index.php?rest_route=\/wp\/v2\/pages"}],"about":[{"href":"https:\/\/www.centrefrancedebarras.fr\/index.php?rest_route=\/wp\/v2\/types\/page"}],"author":[{"embeddable":true,"href":"https:\/\/www.centrefrancedebarras.fr\/index.php?rest_route=\/wp\/v2\/users\/1"}],"replies":[{"embeddable":true,"href":"https:\/\/www.centrefrancedebarras.fr\/index.php?rest_route=%2Fwp%2Fv2%2Fcomments&post=186"}],"version-history":[{"count":0,"href":"https:\/\/www.centrefrancedebarras.fr\/index.php?rest_route=\/wp\/v2\/pages\/186\/revisions"}],"wp:attachment":[{"href":"https:\/\/www.centrefrancedebarras.fr\/index.php?rest_route=%2Fwp%2Fv2%2Fmedia&parent=186"}],"curies":[{"name":"wp","href":"https:\/\/api.w.org\/{rel}","templated":true}]}}